{"version":"1.0","provider_name":"Livraria Solmar - Livraria online","provider_url":"https:\/\/livrariasolmar.pt\/en\/","author_name":"user","author_url":"https:\/\/livrariasolmar.pt\/en\/author\/user\/","title":"O S\u00e9culo dos Prod\u00edgios - Livraria Solmar - Livraria online","type":"rich","width":600,"height":338,"html":"<blockquote class=\"wp-embedded-content\"><a href=\"https:\/\/livrariasolmar.pt\/en\/produto\/o-seculo-dos-prodigios\/\">O S\u00e9culo dos Prod\u00edgios<\/a><\/blockquote>\n<script type='text\/javascript'>\n<!--\/\/--><![CDATA[\/\/><!--\n\t\t\/*! This file is auto-generated *\/\n\t\t!function(c,d){\"use strict\";var e=!1,n=!1;if(d.querySelector)if(c.addEventListener)e=!0;if(c.wp=c.wp||{},!c.wp.receiveEmbedMessage)if(c.wp.receiveEmbedMessage=function(e){var t=e.data;if(t)if(t.secret||t.message||t.value)if(!\/[^a-zA-Z0-9]\/.test(t.secret)){for(var r,a,i,s=d.querySelectorAll('iframe[data-secret=\"'+t.secret+'\"]'),n=d.querySelectorAll('blockquote[data-secret=\"'+t.secret+'\"]'),o=0;o<n.length;o++)n[o].style.display=\"none\";for(o=0;o<s.length;o++)if(r=s[o],e.source===r.contentWindow){if(r.removeAttribute(\"style\"),\"height\"===t.message){if(1e3<(i=parseInt(t.value,10)))i=1e3;else if(~~i<200)i=200;r.height=i}if(\"link\"===t.message)if(a=d.createElement(\"a\"),i=d.createElement(\"a\"),a.href=r.getAttribute(\"src\"),i.href=t.value,i.host===a.host)if(d.activeElement===r)c.top.location.href=t.value}}},e)c.addEventListener(\"message\",c.wp.receiveEmbedMessage,!1),d.addEventListener(\"DOMContentLoaded\",t,!1),c.addEventListener(\"load\",t,!1);function t(){if(!n){n=!0;for(var e,t,r=-1!==navigator.appVersion.indexOf(\"MSIE 10\"),a=!!navigator.userAgent.match(\/Trident.*rv:11\\.\/),i=d.querySelectorAll(\"iframe.wp-embedded-content\"),s=0;s<i.length;s++){if(!(e=i[s]).getAttribute(\"data-secret\"))t=Math.random().toString(36).substr(2,10),e.src+=\"#?secret=\"+t,e.setAttribute(\"data-secret\",t);if(r||a)(t=e.cloneNode(!0)).removeAttribute(\"security\"),e.parentNode.replaceChild(t,e)}}}}(window,document);\n\/\/--><!]]>\n<\/script><iframe sandbox=\"allow-scripts\" security=\"restricted\" src=\"https:\/\/livrariasolmar.pt\/en\/produto\/o-seculo-dos-prodigios\/embed\/\" width=\"600\" height=\"338\" title=\"&#8220;O S\u00e9culo dos Prod\u00edgios&#8221; &#8212; Livraria Solmar - Livraria online\" frameborder=\"0\" marginwidth=\"0\" marginheight=\"0\" scrolling=\"no\" class=\"wp-embedded-content\"><\/iframe>","thumbnail_url":"https:\/\/livrariasolmar.pt\/wp-content\/uploads\/2021\/12\/Onesimo.jpg","thumbnail_width":300,"thumbnail_height":468,"description":"Pr\u00e9mio Mariano Gago 2019 Pr\u00e9mio Funda\u00e7\u00e3o Gulbenkian \/ Hist\u00f3ria da Presen\u00e7a de Portugal no Mundo Pr\u00e9mio D. Diniz Pr\u00e9mio John Dos Passos 2019, na categoria de Ensaio  Neste livro, On\u00e9simo Teot\u00f3nio Almeida presta especial aten\u00e7\u00e3o aos s\u00e9culos XV e XVI, afastando-se de qualquer perspectiva nacionalista, na qual alguns historiadores portugueses incorrem, ora pecando por excesso, ao exagerarem as nossas pretens\u00f5es em mat\u00e9ria de ci\u00eancia, ora por defeito ao ignorarem o papel que de facto tivemos. Ao mesmo tempo, tenta corrigir a historiografia anglo-americana que n\u00e3o prestou a devida aten\u00e7\u00e3o ao ocorrido em Portugal nesse per\u00edodo. Com efeito, durante o final da Idade M\u00e9dia foram surgindo em Portugal sinais de um inovador interesse pela natureza e pelo conhecimento emp\u00edrico dela, assim liderando um dos grandes momentos de viragem na Hist\u00f3ria da Ci\u00eancia. Este livro \u00e9 uma revisita\u00e7\u00e3o dos anos de ouro da hist\u00f3ria portuguesa: O S\u00e9culo dos Prod\u00edgios \u00e9 a revela\u00e7\u00e3o de como no nosso pa\u00eds, durante o chamado per\u00edodo da Expans\u00e3o, surgiu e cresceu um n\u00facleo duro de pensamento e trabalho cient\u00edfico verdadeiramente pioneiro, sem o qual as viagens desses s\u00e9culos teriam sido imposs\u00edveis."}

O Século dos Prodígios - Livraria Solmar - Livraria online

<blockquote class="wp-embedded-content"><a href="https://livrariasolmar.pt/en/produto/o-seculo-dos-prodigios/">O Século dos Prodígios</a></blockquote>
<script type='text/javascript'>
<!--//--><![CDATA[//><!--
		/*! This file is auto-generated */
		!function(c,d){"use strict";var e=!1,n=!1;if(d.querySelector)if(c.addEventListener)e=!0;if(c.wp=c.wp||{},!c.wp.receiveEmbedMessage)if(c.wp.receiveEmbedMessage=function(e){var t=e.data;if(t)if(t.secret||t.message||t.value)if(!/[^a-zA-Z0-9]/.test(t.secret)){for(var r,a,i,s=d.querySelectorAll('iframe[data-secret="'+t.secret+'"]'),n=d.querySelectorAll('blockquote[data-secret="'+t.secret+'"]'),o=0;o<n.length;o++)n[o].style.display="none";for(o=0;o<s.length;o++)if(r=s[o],e.source===r.contentWindow){if(r.removeAttribute("style"),"height"===t.message){if(1e3<(i=parseInt(t.value,10)))i=1e3;else if(~~i<200)i=200;r.height=i}if("link"===t.message)if(a=d.createElement("a"),i=d.createElement("a"),a.href=r.getAttribute("src"),i.href=t.value,i.host===a.host)if(d.activeElement===r)c.top.location.href=t.value}}},e)c.addEventListener("message",c.wp.receiveEmbedMessage,!1),d.addEventListener("DOMContentLoaded",t,!1),c.addEventListener("load",t,!1);function t(){if(!n){n=!0;for(var e,t,r=-1!==navigator.appVersion.indexOf("MSIE 10"),a=!!navigator.userAgent.match(/Trident.*rv:11\./),i=d.querySelectorAll("iframe.wp-embedded-content"),s=0;s<i.length;s++){if(!(e=i[s]).getAttribute("data-secret"))t=Math.random().toString(36).substr(2,10),e.src+="#?secret="+t,e.setAttribute("data-secret",t);if(r||a)(t=e.cloneNode(!0)).removeAttribute("security"),e.parentNode.replaceChild(t,e)}}}}(window,document);
//--><!]]>
</script><iframe sandbox="allow-scripts" security="restricted" src="https://livrariasolmar.pt/en/produto/o-seculo-dos-prodigios/embed/" width="600" height="338" title="&#8220;O Século dos Prodígios&#8221; &#8212; Livraria Solmar - Livraria online" frameborder="0" marginwidth="0" marginheight="0" scrolling="no" class="wp-embedded-content"></iframe>

Prémio Mariano Gago 2019 Prémio Fundação Gulbenkian / História da Presença de Portugal no Mundo Prémio D. Diniz Prémio John Dos Passos 2019, na categoria de Ensaio  Neste livro, Onésimo Teotónio Almeida presta especial atenção aos séculos XV e XVI, afastando-se de qualquer perspectiva nacionalista, na qual alguns historiadores portugueses incorrem, ora pecando por excesso, ao exagerarem as nossas pretensões em matéria de ciência, ora por defeito ao ignorarem o papel que de facto tivemos. Ao mesmo tempo, tenta corrigir a historiografia anglo-americana que não prestou a devida atenção ao ocorrido em Portugal nesse período. Com efeito, durante o final da Idade Média foram surgindo em Portugal sinais de um inovador interesse pela natureza e pelo conhecimento empírico dela, assim liderando um dos grandes momentos de viragem na História da Ciência. Este livro é uma revisitação dos anos de ouro da história portuguesa: O Século dos Prodígios é a revelação de como no nosso país, durante o chamado período da Expansão, surgiu e cresceu um núcleo duro de pensamento e trabalho científico verdadeiramente pioneiro, sem o qual as viagens desses séculos teriam sido impossíveis.
