{"id":10389,"date":"2025-06-07T17:34:47","date_gmt":"2025-06-07T17:34:47","guid":{"rendered":"https:\/\/livrariasolmar.pt\/?post_type=product&#038;p=10389"},"modified":"2025-11-11T15:45:17","modified_gmt":"2025-11-11T15:45:17","slug":"levarei-o-fogo-comigo","status":"publish","type":"product","link":"https:\/\/livrariasolmar.pt\/en\/produto\/levarei-o-fogo-comigo\/","title":{"rendered":"Levarei o Fogo Comigo"},"content":{"rendered":"","protected":false},"excerpt":{"rendered":"<p>Mia e In\u00eas formam a terceira gera\u00e7\u00e3o da fam\u00edlia Belhaj, que conhecemos nas p\u00e1ginas de o pa\u00eds dos outros. Nasceram em Marrocos, na d\u00e9cada de 1980, num pa\u00eds dividido entre o desejo de modernidade e o medo de perder a alma e as tradi\u00e7\u00f5es. \u00c9 todo um novo mundo, e as duas irm\u00e3s ter\u00e3o de encontrar nele o seu lugar, cada uma \u00e0 sua maneira, na solid\u00e3o ou no ex\u00edlio, no excesso ou na conten\u00e7\u00e3o, enfrentando o preconceito e o desprezo enquanto abra\u00e7am todas as promessas.<\/p>\n<p>O f\u00f4lego que as move \u00e9 a \u00e2nsia de liberdade, que tem as suas ra\u00edzes nas mulheres cujo sangue lhes corre nas veias: a av\u00f3 Mathilde, a m\u00e3e A\u00efcha e a tia Selma. \u00c9 nessa busca pela liberdade que Mia parte para Paris, levando consigo o fogo e a escrita. Caber\u00e1 a Mia contar a hist\u00f3ria do seu povo.<\/p>\n<p><i>Levarei o Fogo Comigo<\/i>\u00a0completa um tr\u00edptico magistral, retrato dos her\u00f3is e hero\u00ednas deste e de outros tempos. Uma saga inspirada na fam\u00edlia da escritora, eivada de um impressionante vigor po\u00e9tico, que chega ao fim, mas permanecer\u00e1 com os milh\u00f5es de leitores que se apaixonaram por estas vidas.<\/p>\n","protected":false},"author":2,"featured_media":10390,"template":"","meta":[],"product_cat":[153,190],"product_tag":[],"cat_produtos":[],"yoast_head":"<!-- This site is optimized with the Yoast SEO plugin v16.6 - https:\/\/yoast.com\/wordpress\/plugins\/seo\/ -->\n<title>Levarei o Fogo Comigo - Livraria Solmar - Livraria online<\/title>\n<meta name=\"robots\" content=\"index, follow, max-snippet:-1, max-image-preview:large, max-video-preview:-1\" \/>\n<link rel=\"canonical\" href=\"https:\/\/livrariasolmar.pt\/en\/produto\/levarei-o-fogo-comigo\/\" \/>\n<meta property=\"og:locale\" content=\"en_US\" \/>\n<meta property=\"og:type\" content=\"article\" \/>\n<meta property=\"og:title\" content=\"Levarei o Fogo Comigo - Livraria Solmar - Livraria online\" \/>\n<meta property=\"og:description\" content=\"Mia e In\u00eas formam a terceira gera\u00e7\u00e3o da fam\u00edlia Belhaj, que conhecemos nas p\u00e1ginas de o pa\u00eds dos outros. Nasceram em Marrocos, na d\u00e9cada de 1980, num pa\u00eds dividido entre o desejo de modernidade e o medo de perder a alma e as tradi\u00e7\u00f5es. \u00c9 todo um novo mundo, e as duas irm\u00e3s ter\u00e3o de encontrar nele o seu lugar, cada uma \u00e0 sua maneira, na solid\u00e3o ou no ex\u00edlio, no excesso ou na conten\u00e7\u00e3o, enfrentando o preconceito e o desprezo enquanto abra\u00e7am todas as promessas.  O f\u00f4lego que as move \u00e9 a \u00e2nsia de liberdade, que tem as suas ra\u00edzes nas mulheres cujo sangue lhes corre nas veias: a av\u00f3 Mathilde, a m\u00e3e A\u00efcha e a tia Selma. \u00c9 nessa busca pela liberdade que Mia parte para Paris, levando consigo o fogo e a escrita. Caber\u00e1 a Mia contar a hist\u00f3ria do seu povo.  Levarei o Fogo Comigo\u00a0completa um tr\u00edptico magistral, retrato dos her\u00f3is e hero\u00ednas deste e de outros tempos. Uma saga inspirada na fam\u00edlia da escritora, eivada de um impressionante vigor po\u00e9tico, que chega ao fim, mas permanecer\u00e1 com os milh\u00f5es de leitores que se apaixonaram por estas vidas.\" \/>\n<meta property=\"og:url\" content=\"https:\/\/livrariasolmar.pt\/produto\/levarei-o-fogo-comigo\/\" \/>\n<meta property=\"og:site_name\" content=\"Livraria Solmar - Livraria online\" \/>\n<meta property=\"article:modified_time\" content=\"2025-11-11T15:45:17+00:00\" \/>\n<meta property=\"og:image\" content=\"https:\/\/livrariasolmar.pt\/wp-content\/uploads\/2025\/06\/1540-1-1-1.jpg\" \/>\n\t<meta property=\"og:image:width\" content=\"340\" \/>\n\t<meta property=\"og:image:height\" content=\"340\" \/>\n<meta name=\"twitter:card\" content=\"summary_large_image\" \/>\n<script type=\"application\/ld+json\" class=\"yoast-schema-graph\">{\"@context\":\"https:\/\/schema.org\",\"@graph\":[{\"@type\":\"WebSite\",\"@id\":\"https:\/\/livrariasolmar.pt\/#website\",\"url\":\"https:\/\/livrariasolmar.pt\/\",\"name\":\"Livraria Solmar - Livraria online\",\"description\":\"Com\\u00e9rcio Livros E Objetos De Arte, Lda - Ponta Delgada, A\\u00e7ores\",\"potentialAction\":[{\"@type\":\"SearchAction\",\"target\":{\"@type\":\"EntryPoint\",\"urlTemplate\":\"https:\/\/livrariasolmar.pt\/?s={search_term_string}\"},\"query-input\":\"required name=search_term_string\"}],\"inLanguage\":\"en-US\"},{\"@type\":\"ImageObject\",\"@id\":\"https:\/\/livrariasolmar.pt\/produto\/levarei-o-fogo-comigo\/#primaryimage\",\"inLanguage\":\"en-US\",\"url\":\"https:\/\/livrariasolmar.pt\/wp-content\/uploads\/2025\/06\/1540-1-1-1.jpg\",\"contentUrl\":\"https:\/\/livrariasolmar.pt\/wp-content\/uploads\/2025\/06\/1540-1-1-1.jpg\",\"width\":340,\"height\":340},{\"@type\":\"WebPage\",\"@id\":\"https:\/\/livrariasolmar.pt\/produto\/levarei-o-fogo-comigo\/#webpage\",\"url\":\"https:\/\/livrariasolmar.pt\/produto\/levarei-o-fogo-comigo\/\",\"name\":\"Levarei o Fogo Comigo - Livraria Solmar - Livraria online\",\"isPartOf\":{\"@id\":\"https:\/\/livrariasolmar.pt\/#website\"},\"primaryImageOfPage\":{\"@id\":\"https:\/\/livrariasolmar.pt\/produto\/levarei-o-fogo-comigo\/#primaryimage\"},\"datePublished\":\"2025-06-07T17:34:47+00:00\",\"dateModified\":\"2025-11-11T15:45:17+00:00\",\"breadcrumb\":{\"@id\":\"https:\/\/livrariasolmar.pt\/produto\/levarei-o-fogo-comigo\/#breadcrumb\"},\"inLanguage\":\"en-US\",\"potentialAction\":[{\"@type\":\"ReadAction\",\"target\":[\"https:\/\/livrariasolmar.pt\/produto\/levarei-o-fogo-comigo\/\"]}]},{\"@type\":\"BreadcrumbList\",\"@id\":\"https:\/\/livrariasolmar.pt\/produto\/levarei-o-fogo-comigo\/#breadcrumb\",\"itemListElement\":[{\"@type\":\"ListItem\",\"position\":1,\"name\":\"In\\u00edcio\",\"item\":\"https:\/\/livrariasolmar.pt\/en\/\"},{\"@type\":\"ListItem\",\"position\":2,\"name\":\"Shop\",\"item\":\"https:\/\/livrariasolmar.pt\/en\/shop\/\"},{\"@type\":\"ListItem\",\"position\":3,\"name\":\"Levarei o Fogo Comigo\"}]}]}<\/script>\n<!-- \/ Yoast SEO plugin. -->","_links":{"self":[{"href":"https:\/\/livrariasolmar.pt\/en\/wp-json\/wp\/v2\/product\/10389"}],"collection":[{"href":"https:\/\/livrariasolmar.pt\/en\/wp-json\/wp\/v2\/product"}],"about":[{"href":"https:\/\/livrariasolmar.pt\/en\/wp-json\/wp\/v2\/types\/product"}],"author":[{"embeddable":true,"href":"https:\/\/livrariasolmar.pt\/en\/wp-json\/wp\/v2\/users\/2"}],"wp:featuredmedia":[{"embeddable":true,"href":"https:\/\/livrariasolmar.pt\/en\/wp-json\/wp\/v2\/media\/10390"}],"wp:attachment":[{"href":"https:\/\/livrariasolmar.pt\/en\/wp-json\/wp\/v2\/media?parent=10389"}],"wp:term":[{"taxonomy":"product_cat","embeddable":true,"href":"https:\/\/livrariasolmar.pt\/en\/wp-json\/wp\/v2\/product_cat?post=10389"},{"taxonomy":"product_tag","embeddable":true,"href":"https:\/\/livrariasolmar.pt\/en\/wp-json\/wp\/v2\/product_tag?post=10389"},{"taxonomy":"cat_produtos","embeddable":true,"href":"https:\/\/livrariasolmar.pt\/en\/wp-json\/wp\/v2\/cat_produtos?post=10389"}],"curies":[{"name":"wp","href":"https:\/\/api.w.org\/{rel}","templated":true}]}}

<p>Mia e Inês formam a terceira geração da família Belhaj, que conhecemos nas páginas de o país dos outros. Nasceram em Marrocos, na década de 1980, num país dividido entre o desejo de modernidade e o medo de perder a alma e as tradições. É todo um novo mundo, e as duas irmãs terão de encontrar nele o seu lugar, cada uma à sua maneira, na solidão ou no exílio, no excesso ou na contenção, enfrentando o preconceito e o desprezo enquanto abraçam todas as promessas.</p>
<p>O fôlego que as move é a ânsia de liberdade, que tem as suas raízes nas mulheres cujo sangue lhes corre nas veias: a avó Mathilde, a mãe Aïcha e a tia Selma. É nessa busca pela liberdade que Mia parte para Paris, levando consigo o fogo e a escrita. Caberá a Mia contar a história do seu povo.</p>
<p><i>Levarei o Fogo Comigo</i> completa um tríptico magistral, retrato dos heróis e heroínas deste e de outros tempos. Uma saga inspirada na família da escritora, eivada de um impressionante vigor poético, que chega ao fim, mas permanecerá com os milhões de leitores que se apaixonaram por estas vidas.</p>

<!-- This site is optimized with the Yoast SEO plugin v16.6 - https://yoast.com/wordpress/plugins/seo/ -->
<title>Levarei o Fogo Comigo - Livraria Solmar - Livraria online</title>
<meta name="robots" content="index, follow, max-snippet:-1, max-image-preview:large, max-video-preview:-1" />
<link rel="canonical" href="https://livrariasolmar.pt/en/produto/levarei-o-fogo-comigo/" />
<meta property="og:locale" content="en_US" />
<meta property="og:type" content="article" />
<meta property="og:title" content="Levarei o Fogo Comigo - Livraria Solmar - Livraria online" />
<meta property="og:description" content="Mia e Inês formam a terceira geração da família Belhaj, que conhecemos nas páginas de o país dos outros. Nasceram em Marrocos, na década de 1980, num país dividido entre o desejo de modernidade e o medo de perder a alma e as tradições. É todo um novo mundo, e as duas irmãs terão de encontrar nele o seu lugar, cada uma à sua maneira, na solidão ou no exílio, no excesso ou na contenção, enfrentando o preconceito e o desprezo enquanto abraçam todas as promessas.  O fôlego que as move é a ânsia de liberdade, que tem as suas raízes nas mulheres cujo sangue lhes corre nas veias: a avó Mathilde, a mãe Aïcha e a tia Selma. É nessa busca pela liberdade que Mia parte para Paris, levando consigo o fogo e a escrita. Caberá a Mia contar a história do seu povo.  Levarei o Fogo Comigo completa um tríptico magistral, retrato dos heróis e heroínas deste e de outros tempos. Uma saga inspirada na família da escritora, eivada de um impressionante vigor poético, que chega ao fim, mas permanecerá com os milhões de leitores que se apaixonaram por estas vidas." />
<meta property="og:url" content="https://livrariasolmar.pt/produto/levarei-o-fogo-comigo/" />
<meta property="og:site_name" content="Livraria Solmar - Livraria online" />
<meta property="article:modified_time" content="2025-11-11T15:45:17+00:00" />
<meta property="og:image" content="https://livrariasolmar.pt/wp-content/uploads/2025/06/1540-1-1-1.jpg" />
	<meta property="og:image:width" content="340" />
	<meta property="og:image:height" content="340" />
<meta name="twitter:card" content="summary_large_image" />
<script type="application/ld+json" class="yoast-schema-graph">{"@context":"https://schema.org","@graph":[{"@type":"WebSite","@id":"https://livrariasolmar.pt/#website","url":"https://livrariasolmar.pt/","name":"Livraria Solmar - Livraria online","description":"Com\u00e9rcio Livros E Objetos De Arte, Lda - Ponta Delgada, A\u00e7ores","potentialAction":[{"@type":"SearchAction","target":{"@type":"EntryPoint","urlTemplate":"https://livrariasolmar.pt/?s={search_term_string}"},"query-input":"required name=search_term_string"}],"inLanguage":"en-US"},{"@type":"ImageObject","@id":"https://livrariasolmar.pt/produto/levarei-o-fogo-comigo/#primaryimage","inLanguage":"en-US","url":"https://livrariasolmar.pt/wp-content/uploads/2025/06/1540-1-1-1.jpg","contentUrl":"https://livrariasolmar.pt/wp-content/uploads/2025/06/1540-1-1-1.jpg","width":340,"height":340},{"@type":"WebPage","@id":"https://livrariasolmar.pt/produto/levarei-o-fogo-comigo/#webpage","url":"https://livrariasolmar.pt/produto/levarei-o-fogo-comigo/","name":"Levarei o Fogo Comigo - Livraria Solmar - Livraria online","isPartOf":{"@id":"https://livrariasolmar.pt/#website"},"primaryImageOfPage":{"@id":"https://livrariasolmar.pt/produto/levarei-o-fogo-comigo/#primaryimage"},"datePublished":"2025-06-07T17:34:47+00:00","dateModified":"2025-11-11T15:45:17+00:00","breadcrumb":{"@id":"https://livrariasolmar.pt/produto/levarei-o-fogo-comigo/#breadcrumb"},"inLanguage":"en-US","potentialAction":[{"@type":"ReadAction","target":["https://livrariasolmar.pt/produto/levarei-o-fogo-comigo/"]}]},{"@type":"BreadcrumbList","@id":"https://livrariasolmar.pt/produto/levarei-o-fogo-comigo/#breadcrumb","itemListElement":[{"@type":"ListItem","position":1,"name":"In\u00edcio","item":"https://livrariasolmar.pt/en/"},{"@type":"ListItem","position":2,"name":"Shop","item":"https://livrariasolmar.pt/en/shop/"},{"@type":"ListItem","position":3,"name":"Levarei o Fogo Comigo"}]}]}</script>
<!-- / Yoast SEO plugin. -->
