{"id":10925,"date":"2025-09-24T17:59:25","date_gmt":"2025-09-24T17:59:25","guid":{"rendered":"https:\/\/livrariasolmar.pt\/?post_type=product&#038;p=10925"},"modified":"2026-02-19T14:45:54","modified_gmt":"2026-02-19T14:45:54","slug":"avenida-marginal-re-imaginar-ponta-delgada","status":"publish","type":"product","link":"https:\/\/livrariasolmar.pt\/en\/produto\/avenida-marginal-re-imaginar-ponta-delgada\/","title":{"rendered":"Avenida Marginal &#8211; (Re) Imaginar Ponta Delgada"},"content":{"rendered":"<p>Avenida Marginal n\u00ba 6 conta com a escrita de:<\/p>\n<p>Andrea Santolaya<\/p>\n<p>Fl\u00e1via Ameida<\/p>\n<p>Francisco Monteiro da Silva<\/p>\n<p>Isabel Soares de Albergaria<\/p>\n<p>Jesse James<\/p>\n<p>Joana Borges Coutinho<\/p>\n<p>Jo\u00e3o de Melo<\/p>\n<p>Jo\u00e3o Mendes Coelho<\/p>\n<p>Maria Emanuel Albergaria<\/p>\n<p>Nuno Costa Santos<\/p>\n<p>Paula Cabral<\/p>\n<p>Paulo Goulart<\/p>\n<p>Pedro Arruda<\/p>\n<p>Rui Pedro Paiva<\/p>\n<p>&nbsp;<\/p>\n","protected":false},"excerpt":{"rendered":"<p>Avenida Marginal n\u00ba 6 conta com a escrita de:<\/p>\n<p>Andrea Santolaya<\/p>\n<p>Fl\u00e1via Ameida<\/p>\n<p>Francisco Monteiro da Silva<\/p>\n<p>Isabel Soares de Albergaria<\/p>\n<p>Jesse James<\/p>\n<p>Joana Borges Coutinho<\/p>\n<p>Jo\u00e3o de Melo<\/p>\n<p>Jo\u00e3o Mendes Coelho<\/p>\n<p>Maria Emanuel Albergaria<\/p>\n<p>Nuno Costa Santos<\/p>\n<p>Paula Cabral<\/p>\n<p>Paulo Goulart<\/p>\n<p>Pedro Arruda<\/p>\n<p>Rui Pedro Paiva<\/p>\n","protected":false},"author":2,"featured_media":10926,"template":"","meta":[],"product_cat":[146,200],"product_tag":[],"cat_produtos":[],"yoast_head":"<!-- This site is optimized with the Yoast SEO plugin v16.6 - https:\/\/yoast.com\/wordpress\/plugins\/seo\/ -->\n<title>Avenida Marginal - (Re) Imaginar Ponta Delgada - Livraria Solmar - Livraria online<\/title>\n<meta name=\"robots\" content=\"index, follow, max-snippet:-1, max-image-preview:large, max-video-preview:-1\" \/>\n<link rel=\"canonical\" href=\"https:\/\/livrariasolmar.pt\/en\/produto\/avenida-marginal-re-imaginar-ponta-delgada\/\" \/>\n<meta property=\"og:locale\" content=\"en_US\" \/>\n<meta property=\"og:type\" content=\"article\" \/>\n<meta property=\"og:title\" content=\"Avenida Marginal - (Re) Imaginar Ponta Delgada - Livraria Solmar - Livraria online\" \/>\n<meta property=\"og:description\" content=\"Avenida Marginal n\u00ba 6 conta com a escrita de:  Andrea Santolaya  Fl\u00e1via Ameida  Francisco Monteiro da Silva  Isabel Soares de Albergaria  Jesse James  Joana Borges Coutinho  Jo\u00e3o de Melo  Jo\u00e3o Mendes Coelho  Maria Emanuel Albergaria  Nuno Costa Santos  Paula Cabral  Paulo Goulart  Pedro Arruda  Rui Pedro Paiva\" \/>\n<meta property=\"og:url\" content=\"https:\/\/livrariasolmar.pt\/produto\/avenida-marginal-re-imaginar-ponta-delgada\/\" \/>\n<meta property=\"og:site_name\" content=\"Livraria Solmar - Livraria online\" \/>\n<meta property=\"article:modified_time\" content=\"2026-02-19T14:45:54+00:00\" \/>\n<meta property=\"og:image\" content=\"https:\/\/livrariasolmar.pt\/wp-content\/uploads\/2025\/09\/e45c55b4-3e7e-4690-b5d4-2e912f1a88b0.jpg\" \/>\n\t<meta property=\"og:image:width\" content=\"1336\" \/>\n\t<meta property=\"og:image:height\" content=\"2048\" \/>\n<meta name=\"twitter:card\" content=\"summary_large_image\" \/>\n<meta name=\"twitter:label1\" content=\"Est. reading time\" \/>\n\t<meta name=\"twitter:data1\" content=\"1 minute\" \/>\n<script type=\"application\/ld+json\" class=\"yoast-schema-graph\">{\"@context\":\"https:\/\/schema.org\",\"@graph\":[{\"@type\":\"WebSite\",\"@id\":\"https:\/\/livrariasolmar.pt\/#website\",\"url\":\"https:\/\/livrariasolmar.pt\/\",\"name\":\"Livraria Solmar - Livraria online\",\"description\":\"Com\\u00e9rcio Livros E Objetos De Arte, Lda - Ponta Delgada, A\\u00e7ores\",\"potentialAction\":[{\"@type\":\"SearchAction\",\"target\":{\"@type\":\"EntryPoint\",\"urlTemplate\":\"https:\/\/livrariasolmar.pt\/?s={search_term_string}\"},\"query-input\":\"required name=search_term_string\"}],\"inLanguage\":\"en-US\"},{\"@type\":\"ImageObject\",\"@id\":\"https:\/\/livrariasolmar.pt\/produto\/avenida-marginal-re-imaginar-ponta-delgada\/#primaryimage\",\"inLanguage\":\"en-US\",\"url\":\"https:\/\/livrariasolmar.pt\/wp-content\/uploads\/2025\/09\/e45c55b4-3e7e-4690-b5d4-2e912f1a88b0.jpg\",\"contentUrl\":\"https:\/\/livrariasolmar.pt\/wp-content\/uploads\/2025\/09\/e45c55b4-3e7e-4690-b5d4-2e912f1a88b0.jpg\",\"width\":1336,\"height\":2048},{\"@type\":\"WebPage\",\"@id\":\"https:\/\/livrariasolmar.pt\/produto\/avenida-marginal-re-imaginar-ponta-delgada\/#webpage\",\"url\":\"https:\/\/livrariasolmar.pt\/produto\/avenida-marginal-re-imaginar-ponta-delgada\/\",\"name\":\"Avenida Marginal - (Re) Imaginar Ponta Delgada - Livraria Solmar - Livraria online\",\"isPartOf\":{\"@id\":\"https:\/\/livrariasolmar.pt\/#website\"},\"primaryImageOfPage\":{\"@id\":\"https:\/\/livrariasolmar.pt\/produto\/avenida-marginal-re-imaginar-ponta-delgada\/#primaryimage\"},\"datePublished\":\"2025-09-24T17:59:25+00:00\",\"dateModified\":\"2026-02-19T14:45:54+00:00\",\"breadcrumb\":{\"@id\":\"https:\/\/livrariasolmar.pt\/produto\/avenida-marginal-re-imaginar-ponta-delgada\/#breadcrumb\"},\"inLanguage\":\"en-US\",\"potentialAction\":[{\"@type\":\"ReadAction\",\"target\":[\"https:\/\/livrariasolmar.pt\/produto\/avenida-marginal-re-imaginar-ponta-delgada\/\"]}]},{\"@type\":\"BreadcrumbList\",\"@id\":\"https:\/\/livrariasolmar.pt\/produto\/avenida-marginal-re-imaginar-ponta-delgada\/#breadcrumb\",\"itemListElement\":[{\"@type\":\"ListItem\",\"position\":1,\"name\":\"In\\u00edcio\",\"item\":\"https:\/\/livrariasolmar.pt\/en\/\"},{\"@type\":\"ListItem\",\"position\":2,\"name\":\"Shop\",\"item\":\"https:\/\/livrariasolmar.pt\/en\/shop\/\"},{\"@type\":\"ListItem\",\"position\":3,\"name\":\"Avenida Marginal &#8211; (Re) Imaginar Ponta Delgada\"}]}]}<\/script>\n<!-- \/ Yoast SEO plugin. -->","_links":{"self":[{"href":"https:\/\/livrariasolmar.pt\/en\/wp-json\/wp\/v2\/product\/10925"}],"collection":[{"href":"https:\/\/livrariasolmar.pt\/en\/wp-json\/wp\/v2\/product"}],"about":[{"href":"https:\/\/livrariasolmar.pt\/en\/wp-json\/wp\/v2\/types\/product"}],"author":[{"embeddable":true,"href":"https:\/\/livrariasolmar.pt\/en\/wp-json\/wp\/v2\/users\/2"}],"wp:featuredmedia":[{"embeddable":true,"href":"https:\/\/livrariasolmar.pt\/en\/wp-json\/wp\/v2\/media\/10926"}],"wp:attachment":[{"href":"https:\/\/livrariasolmar.pt\/en\/wp-json\/wp\/v2\/media?parent=10925"}],"wp:term":[{"taxonomy":"product_cat","embeddable":true,"href":"https:\/\/livrariasolmar.pt\/en\/wp-json\/wp\/v2\/product_cat?post=10925"},{"taxonomy":"product_tag","embeddable":true,"href":"https:\/\/livrariasolmar.pt\/en\/wp-json\/wp\/v2\/product_tag?post=10925"},{"taxonomy":"cat_produtos","embeddable":true,"href":"https:\/\/livrariasolmar.pt\/en\/wp-json\/wp\/v2\/cat_produtos?post=10925"}],"curies":[{"name":"wp","href":"https:\/\/api.w.org\/{rel}","templated":true}]}}

<p>Avenida Marginal nº 6 conta com a escrita de:</p>
<p>Andrea Santolaya</p>
<p>Flávia Ameida</p>
<p>Francisco Monteiro da Silva</p>
<p>Isabel Soares de Albergaria</p>
<p>Jesse James</p>
<p>Joana Borges Coutinho</p>
<p>João de Melo</p>
<p>João Mendes Coelho</p>
<p>Maria Emanuel Albergaria</p>
<p>Nuno Costa Santos</p>
<p>Paula Cabral</p>
<p>Paulo Goulart</p>
<p>Pedro Arruda</p>
<p>Rui Pedro Paiva</p>
<p>&nbsp;</p>

<p>Avenida Marginal nº 6 conta com a escrita de:</p>
<p>Andrea Santolaya</p>
<p>Flávia Ameida</p>
<p>Francisco Monteiro da Silva</p>
<p>Isabel Soares de Albergaria</p>
<p>Jesse James</p>
<p>Joana Borges Coutinho</p>
<p>João de Melo</p>
<p>João Mendes Coelho</p>
<p>Maria Emanuel Albergaria</p>
<p>Nuno Costa Santos</p>
<p>Paula Cabral</p>
<p>Paulo Goulart</p>
<p>Pedro Arruda</p>
<p>Rui Pedro Paiva</p>

<!-- This site is optimized with the Yoast SEO plugin v16.6 - https://yoast.com/wordpress/plugins/seo/ -->
<title>Avenida Marginal - (Re) Imaginar Ponta Delgada - Livraria Solmar - Livraria online</title>
<meta name="robots" content="index, follow, max-snippet:-1, max-image-preview:large, max-video-preview:-1" />
<link rel="canonical" href="https://livrariasolmar.pt/en/produto/avenida-marginal-re-imaginar-ponta-delgada/" />
<meta property="og:locale" content="en_US" />
<meta property="og:type" content="article" />
<meta property="og:title" content="Avenida Marginal - (Re) Imaginar Ponta Delgada - Livraria Solmar - Livraria online" />
<meta property="og:description" content="Avenida Marginal nº 6 conta com a escrita de:  Andrea Santolaya  Flávia Ameida  Francisco Monteiro da Silva  Isabel Soares de Albergaria  Jesse James  Joana Borges Coutinho  João de Melo  João Mendes Coelho  Maria Emanuel Albergaria  Nuno Costa Santos  Paula Cabral  Paulo Goulart  Pedro Arruda  Rui Pedro Paiva" />
<meta property="og:url" content="https://livrariasolmar.pt/produto/avenida-marginal-re-imaginar-ponta-delgada/" />
<meta property="og:site_name" content="Livraria Solmar - Livraria online" />
<meta property="article:modified_time" content="2026-02-19T14:45:54+00:00" />
<meta property="og:image" content="https://livrariasolmar.pt/wp-content/uploads/2025/09/e45c55b4-3e7e-4690-b5d4-2e912f1a88b0.jpg" />
	<meta property="og:image:width" content="1336" />
	<meta property="og:image:height" content="2048" />
<meta name="twitter:card" content="summary_large_image" />
<meta name="twitter:label1" content="Est. reading time" />
	<meta name="twitter:data1" content="1 minute" />
<script type="application/ld+json" class="yoast-schema-graph">{"@context":"https://schema.org","@graph":[{"@type":"WebSite","@id":"https://livrariasolmar.pt/#website","url":"https://livrariasolmar.pt/","name":"Livraria Solmar - Livraria online","description":"Com\u00e9rcio Livros E Objetos De Arte, Lda - Ponta Delgada, A\u00e7ores","potentialAction":[{"@type":"SearchAction","target":{"@type":"EntryPoint","urlTemplate":"https://livrariasolmar.pt/?s={search_term_string}"},"query-input":"required name=search_term_string"}],"inLanguage":"en-US"},{"@type":"ImageObject","@id":"https://livrariasolmar.pt/produto/avenida-marginal-re-imaginar-ponta-delgada/#primaryimage","inLanguage":"en-US","url":"https://livrariasolmar.pt/wp-content/uploads/2025/09/e45c55b4-3e7e-4690-b5d4-2e912f1a88b0.jpg","contentUrl":"https://livrariasolmar.pt/wp-content/uploads/2025/09/e45c55b4-3e7e-4690-b5d4-2e912f1a88b0.jpg","width":1336,"height":2048},{"@type":"WebPage","@id":"https://livrariasolmar.pt/produto/avenida-marginal-re-imaginar-ponta-delgada/#webpage","url":"https://livrariasolmar.pt/produto/avenida-marginal-re-imaginar-ponta-delgada/","name":"Avenida Marginal - (Re) Imaginar Ponta Delgada - Livraria Solmar - Livraria online","isPartOf":{"@id":"https://livrariasolmar.pt/#website"},"primaryImageOfPage":{"@id":"https://livrariasolmar.pt/produto/avenida-marginal-re-imaginar-ponta-delgada/#primaryimage"},"datePublished":"2025-09-24T17:59:25+00:00","dateModified":"2026-02-19T14:45:54+00:00","breadcrumb":{"@id":"https://livrariasolmar.pt/produto/avenida-marginal-re-imaginar-ponta-delgada/#breadcrumb"},"inLanguage":"en-US","potentialAction":[{"@type":"ReadAction","target":["https://livrariasolmar.pt/produto/avenida-marginal-re-imaginar-ponta-delgada/"]}]},{"@type":"BreadcrumbList","@id":"https://livrariasolmar.pt/produto/avenida-marginal-re-imaginar-ponta-delgada/#breadcrumb","itemListElement":[{"@type":"ListItem","position":1,"name":"In\u00edcio","item":"https://livrariasolmar.pt/en/"},{"@type":"ListItem","position":2,"name":"Shop","item":"https://livrariasolmar.pt/en/shop/"},{"@type":"ListItem","position":3,"name":"Avenida Marginal &#8211; (Re) Imaginar Ponta Delgada"}]}]}</script>
<!-- / Yoast SEO plugin. -->
